{"id":841,"date":"2022-12-17T17:44:42","date_gmt":"2022-12-17T17:44:42","guid":{"rendered":"https:\/\/klc-dz.com\/kinglc\/?post_type=product&#038;p=841"},"modified":"2022-12-17T17:46:12","modified_gmt":"2022-12-17T17:46:12","slug":"ads-4100","status":"publish","type":"product","link":"https:\/\/klc-dz.com\/kinglc\/produits\/brother\/scanner\/ads-4100\/","title":{"rendered":"ADS 4100"},"content":{"rendered":"","protected":false},"excerpt":{"rendered":"<div class=\"col-xs-12 col-sm-6 col-md-12 product-detail--container-features\">\n<section class=\"product-detail--section product-detail--key-features\">Simple et intuitif. Ce scanner multi-t\u00e2che est id\u00e9al pour les entreprises qui ont besoin de num\u00e9riser plusieurs types de supports, du papier aux cartes plastifi\u00e9es, \u00e0 domicile ou au bureau.<\/p>\n<ul class=\"tick-list\">\n<li>Traitement de l&#8217;image avanc\u00e9<\/li>\n<li>Compatibilit\u00e9 des pilotes avec TWAIN (Win et MacOS), WIA, ICA, Linux SANE<\/li>\n<\/ul>\n<\/section>\n<\/div>\n","protected":false},"featured_media":838,"comment_status":"closed","ping_status":"closed","template":"","meta":{"_mo_disable_npp":""},"yoast_head":"<!-- This site is optimized with the Yoast SEO plugin v20.6 - https:\/\/yoast.com\/wordpress\/plugins\/seo\/ -->\n<title>ADS 4100 - KLC<\/title>\n<meta name=\"robots\" content=\"index, follow, max-snippet:-1, max-image-preview:large, max-video-preview:-1\" \/>\n<link rel=\"canonical\" href=\"https:\/\/klc-dz.com\/kinglc\/produits\/brother\/scanner\/ads-4100\/\" \/>\n<meta property=\"og:locale\" content=\"fr_FR\" \/>\n<meta property=\"og:type\" content=\"article\" \/>\n<meta property=\"og:title\" content=\"ADS 4100 - KLC\" \/>\n<meta property=\"og:description\" content=\"Simple et intuitif. Ce scanner multi-t\u00e2che est id\u00e9al pour les entreprises qui ont besoin de num\u00e9riser plusieurs types de supports, du papier aux cartes plastifi\u00e9es, \u00e0 domicile ou au bureau.   Traitement de l&#039;image avanc\u00e9  Compatibilit\u00e9 des pilotes avec TWAIN (Win et MacOS), WIA, ICA, Linux SANE\" \/>\n<meta property=\"og:url\" content=\"https:\/\/klc-dz.com\/kinglc\/produits\/brother\/scanner\/ads-4100\/\" \/>\n<meta property=\"og:site_name\" content=\"KLC\" \/>\n<meta property=\"article:modified_time\" content=\"2022-12-17T17:46:12+00:00\" \/>\n<meta property=\"og:image\" content=\"https:\/\/klc-dz.com\/kinglc\/wp-content\/uploads\/2022\/12\/ADS4100_main.webp\" \/>\n\t<meta property=\"og:image:width\" content=\"542\" \/>\n\t<meta property=\"og:image:height\" content=\"340\" \/>\n\t<meta property=\"og:image:type\" content=\"image\/webp\" \/>\n<meta name=\"twitter:card\" content=\"summary_large_image\" \/>\n<script type=\"application\/ld+json\" class=\"yoast-schema-graph\">{\"@context\":\"https:\/\/schema.org\",\"@graph\":[{\"@type\":\"WebPage\",\"@id\":\"https:\/\/klc-dz.com\/kinglc\/produits\/brother\/scanner\/ads-4100\/\",\"url\":\"https:\/\/klc-dz.com\/kinglc\/produits\/brother\/scanner\/ads-4100\/\",\"name\":\"ADS 4100 - KLC\",\"isPartOf\":{\"@id\":\"https:\/\/klc-dz.com\/kinglc\/#website\"},\"datePublished\":\"2022-12-17T17:44:42+00:00\",\"dateModified\":\"2022-12-17T17:46:12+00:00\",\"breadcrumb\":{\"@id\":\"https:\/\/klc-dz.com\/kinglc\/produits\/brother\/scanner\/ads-4100\/#breadcrumb\"},\"inLanguage\":\"fr-FR\",\"potentialAction\":[{\"@type\":\"ReadAction\",\"target\":[\"https:\/\/klc-dz.com\/kinglc\/produits\/brother\/scanner\/ads-4100\/\"]}]},{\"@type\":\"BreadcrumbList\",\"@id\":\"https:\/\/klc-dz.com\/kinglc\/produits\/brother\/scanner\/ads-4100\/#breadcrumb\",\"itemListElement\":[{\"@type\":\"ListItem\",\"position\":1,\"name\":\"Home\",\"item\":\"https:\/\/klc-dz.com\/kinglc\/\"},{\"@type\":\"ListItem\",\"position\":2,\"name\":\"Produits\",\"item\":\"https:\/\/klc-dz.com\/kinglc\/produits\/\"},{\"@type\":\"ListItem\",\"position\":3,\"name\":\"ADS 4100\"}]},{\"@type\":\"WebSite\",\"@id\":\"https:\/\/klc-dz.com\/kinglc\/#website\",\"url\":\"https:\/\/klc-dz.com\/kinglc\/\",\"name\":\"KLC\",\"description\":\"\",\"potentialAction\":[{\"@type\":\"SearchAction\",\"target\":{\"@type\":\"EntryPoint\",\"urlTemplate\":\"https:\/\/klc-dz.com\/kinglc\/?s={search_term_string}\"},\"query-input\":\"required name=search_term_string\"}],\"inLanguage\":\"fr-FR\"}]}<\/script>\n<!-- \/ Yoast SEO plugin. -->","yoast_head_json":{"title":"ADS 4100 - KLC","robots":{"index":"index","follow":"follow","max-snippet":"max-snippet:-1","max-image-preview":"max-image-preview:large","max-video-preview":"max-video-preview:-1"},"canonical":"https:\/\/klc-dz.com\/kinglc\/produits\/brother\/scanner\/ads-4100\/","og_locale":"fr_FR","og_type":"article","og_title":"ADS 4100 - KLC","og_description":"Simple et intuitif. Ce scanner multi-t\u00e2che est id\u00e9al pour les entreprises qui ont besoin de num\u00e9riser plusieurs types de supports, du papier aux cartes plastifi\u00e9es, \u00e0 domicile ou au bureau.   Traitement de l'image avanc\u00e9  Compatibilit\u00e9 des pilotes avec TWAIN (Win et MacOS), WIA, ICA, Linux SANE","og_url":"https:\/\/klc-dz.com\/kinglc\/produits\/brother\/scanner\/ads-4100\/","og_site_name":"KLC","article_modified_time":"2022-12-17T17:46:12+00:00","og_image":[{"width":542,"height":340,"url":"https:\/\/klc-dz.com\/kinglc\/wp-content\/uploads\/2022\/12\/ADS4100_main.webp","type":"image\/webp"}],"twitter_card":"summary_large_image","schema":{"@context":"https:\/\/schema.org","@graph":[{"@type":"WebPage","@id":"https:\/\/klc-dz.com\/kinglc\/produits\/brother\/scanner\/ads-4100\/","url":"https:\/\/klc-dz.com\/kinglc\/produits\/brother\/scanner\/ads-4100\/","name":"ADS 4100 - KLC","isPartOf":{"@id":"https:\/\/klc-dz.com\/kinglc\/#website"},"datePublished":"2022-12-17T17:44:42+00:00","dateModified":"2022-12-17T17:46:12+00:00","breadcrumb":{"@id":"https:\/\/klc-dz.com\/kinglc\/produits\/brother\/scanner\/ads-4100\/#breadcrumb"},"inLanguage":"fr-FR","potentialAction":[{"@type":"ReadAction","target":["https:\/\/klc-dz.com\/kinglc\/produits\/brother\/scanner\/ads-4100\/"]}]},{"@type":"BreadcrumbList","@id":"https:\/\/klc-dz.com\/kinglc\/produits\/brother\/scanner\/ads-4100\/#breadcrumb","itemListElement":[{"@type":"ListItem","position":1,"name":"Home","item":"https:\/\/klc-dz.com\/kinglc\/"},{"@type":"ListItem","position":2,"name":"Produits","item":"https:\/\/klc-dz.com\/kinglc\/produits\/"},{"@type":"ListItem","position":3,"name":"ADS 4100"}]},{"@type":"WebSite","@id":"https:\/\/klc-dz.com\/kinglc\/#website","url":"https:\/\/klc-dz.com\/kinglc\/","name":"KLC","description":"","potentialAction":[{"@type":"SearchAction","target":{"@type":"EntryPoint","urlTemplate":"https:\/\/klc-dz.com\/kinglc\/?s={search_term_string}"},"query-input":"required name=search_term_string"}],"inLanguage":"fr-FR"}]}},"_links":{"self":[{"href":"https:\/\/klc-dz.com\/kinglc\/wp-json\/wp\/v2\/product\/841"}],"collection":[{"href":"https:\/\/klc-dz.com\/kinglc\/wp-json\/wp\/v2\/product"}],"about":[{"href":"https:\/\/klc-dz.com\/kinglc\/wp-json\/wp\/v2\/types\/product"}],"replies":[{"embeddable":true,"href":"https:\/\/klc-dz.com\/kinglc\/wp-json\/wp\/v2\/comments?post=841"}],"wp:featuredmedia":[{"embeddable":true,"href":"https:\/\/klc-dz.com\/kinglc\/wp-json\/wp\/v2\/media\/838"}],"wp:attachment":[{"href":"https:\/\/klc-dz.com\/kinglc\/wp-json\/wp\/v2\/media?parent=841"}],"curies":[{"name":"wp","href":"https:\/\/api.w.org\/{rel}","templated":true}]}}